{"id":1395,"date":"2014-06-19T23:17:29","date_gmt":"2014-06-19T21:17:29","guid":{"rendered":"http:\/\/www.mandabe.org\/?page_id=1395"},"modified":"2024-01-15T21:41:23","modified_gmt":"2024-01-15T20:41:23","slug":"adozioni-a-distanza","status":"publish","type":"page","link":"https:\/\/www.mandabe.org\/?page_id=1395","title":{"rendered":"ADOZIONI A DISTANZA"},"content":{"rendered":"\n<p><span style=\"color: #000000;\"><strong><em><span style=\"font-family: arial, helvetica, sans-serif; font-size: 12pt;\">&nbsp;\u201cLasciateci ingaggiare dunque una lotta globale contro l\u2019analfabetismo e la povert\u00e0, lasciateci prendere in mano libri e penne\u201d&nbsp;<\/span><\/em><span style=\"font-family: arial, helvetica, sans-serif; font-size: 12pt;\">(Malala Yousafzai, dal suo discorso all\u2019ONU, luglio 2013).<\/span><\/strong><\/span><\/p>\n\n\n\n<p>Un&#8217;adozione a distanza concretizza la speranza, vuol dire non sprecare possibilit\u00e0 e offrire opportunit\u00e0 a chi non ne ha. Allo stesso tempo, adottare qualcuno d\u00e0 senso al nostro tempo, senso profondo al nostro vivere, che non significa consumare e consumarsi, qui e ora. Adottare qualcuno per dare futuro, ma anche (e soprattutto) per imparare ad amare, imparare la tenerezza, la pazienza, i sentimenti del dono.<\/p>\n\n\n\n<ul>\n<li><span style=\"color: #000000;\"><strong style=\"font-family: sans-serif; font-size: medium; font-style: normal; font-variant: normal; line-height: normal;\">Come funziona l\u2019adozione di un bambino presso la nostra Missione?<\/strong><\/span><\/li>\n<\/ul>\n\n\n\n<p><span style=\"font-family: arial, helvetica, sans-serif; font-size: 12pt; color: #000000;\">\u00c8 un\u2019adozione con la quale ci si impegna a versare un contributo per aiutare un bambino, lasciandolo nel suo contesto familiare e sociale.<\/span><\/p>\n\n\n\n<ul>\n<li><strong><span style=\"font-family: arial, helvetica, sans-serif; font-size: 12pt; color: #000000;\"><a href=\"https:\/\/www.mandabe.org\/wp-content\/uploads\/2014\/06\/Adozioni3.jpg\"><img loading=\"lazy\" decoding=\"async\" class=\"alignright size-medium wp-image-1657\" src=\"https:\/\/www.mandabe.org\/wp-content\/uploads\/2014\/06\/Adozioni3-225x300.jpg\" alt=\"???????????????????????????????\" width=\"225\" height=\"300\" srcset=\"https:\/\/www.mandabe.org\/wp-content\/uploads\/2014\/06\/Adozioni3-225x300.jpg 225w, https:\/\/www.mandabe.org\/wp-content\/uploads\/2014\/06\/Adozioni3-768x1024.jpg 768w, https:\/\/www.mandabe.org\/wp-content\/uploads\/2014\/06\/Adozioni3-700x933.jpg 700w, https:\/\/www.mandabe.org\/wp-content\/uploads\/2014\/06\/Adozioni3.jpg 1613w\" sizes=\"(max-width: 225px) 100vw, 225px\" \/><\/a>A cosa serve il contributo?<\/span><\/strong><\/li>\n<\/ul>\n\n\n\n<p><span style=\"font-family: arial, helvetica, sans-serif; font-size: 12pt; color: #000000;\">Il contributo viene utilizzato per aiutare il bambino adottato ad andare a scuola e per sostenerlo nelle sue necessit\u00e0 primarie quotidiane.<\/span><\/p>\n\n\n\n<p><span style=\"font-family: arial, helvetica, sans-serif; font-size: 12pt; color: #000000;\">In base alle necessit\u00e0 dei bambini e delle scuole della missione, una minima parte del contributo pu\u00f2 essere utilizzato per:<\/span><\/p>\n\n\n\n<ul>\n<li><span style=\"font-family: arial, helvetica, sans-serif; font-size: 12pt; color: #000000;\">registrare i bambini all\u2019anagrafe (circa l\u201980% non lo \u00e8 ancora), per permettere loro di essere riconosciuti dallo Stato e di godere dei diritti di bambini e di cittadini<\/span><\/li>\n\n\n\n<li><span style=\"font-family: arial, helvetica, sans-serif; font-size: 12pt; color: #000000;\">aiutare bambini malati ed handicappati (acquisto medicinali, protesi, soggiorno in ospedale, ecc.)<\/span><\/li>\n\n\n\n<li><span style=\"font-family: arial, helvetica, sans-serif; font-size: 12pt; color: #000000;\">coprire qualche necessit\u00e0 di compagni non adottati, ma bisognosi di sostegno.<\/span><\/li>\n\n\n\n<li><span style=\"font-family: arial, helvetica, sans-serif; font-size: 12pt; color: #000000;\">completare gli stipendi degli insegnanti<\/span><\/li>\n\n\n\n<li><span style=\"font-family: arial, helvetica, sans-serif; font-size: 12pt; color: #000000;\">acquistare libri e articoli didattici<\/span><\/li>\n\n\n\n<li><span style=\"color: #000000;\"><strong>&nbsp;<span style=\"font-family: arial, helvetica, sans-serif; font-size: 12pt;\">Contatti con il bambino&nbsp;<\/span><\/strong><\/span><\/li>\n<\/ul>\n\n\n\n<p><span style=\"font-family: arial, helvetica, sans-serif; font-size: 12pt; color: #000000;\">Nel nostro progetto non \u00e8 possibile avere contatti diretti od epistolari con il bambino, perch\u00e9 i bambini non hanno un indirizzo personale e vivono in capanne senza via e numero civico. Inoltre la lingua malgascia \u00e8 una lingua molto difficile, per cui ogni lettera richiederebbe un grande impegno di traduzione da parte della Missione.<\/span><\/p>\n\n\n\n<ul>\n<li><strong><span style=\"font-family: arial, helvetica, sans-serif; font-size: 12pt; color: #000000;\">Impegno per il genitore adottante<\/span><\/strong><\/li>\n<\/ul>\n\n\n\n<p><span style=\"font-family: arial, helvetica, sans-serif; font-size: 12pt; color: #000000;\">&nbsp;Viene richiesto possibilmente per tutto il ciclo scolastico (scuola materna, elementare e media).<\/span><\/p>\n\n\n\n<ul>\n<li><strong><span style=\"font-family: arial, helvetica, sans-serif; font-size: 12pt;\">Contributo:<\/span><\/strong><\/li>\n<\/ul>\n\n\n\n<p><span style=\"color: #000000; font-family: arial, helvetica, sans-serif; font-size: 12pt;\">L\u2019adozione comporta un contributo annuale a partire da un minimo di&nbsp; \u20ac 180,00.&nbsp;<\/span><\/p>\n\n\n\n<p><span style=\"color: #000000; font-family: arial, helvetica, sans-serif; font-size: 12pt;\">Il&nbsp; contributo pu\u00f2 essere suddiviso anche in quote mensili, trimestrali o semestrali e pu\u00f2 essere versato con le seguenti modalit\u00e0:<\/span><\/p>\n\n\n\n<p><span style=\"font-family: arial, helvetica, sans-serif; font-size: 12pt; color: #000000;\">&#8211;&nbsp;&nbsp;&nbsp;&nbsp;&nbsp;&nbsp;&nbsp;&nbsp; assegno bancario<\/span><\/p>\n\n\n\n<p><span style=\"font-family: arial, helvetica, sans-serif; font-size: 12pt; color: #000000;\">&#8211;&nbsp;&nbsp;&nbsp;&nbsp;&nbsp;&nbsp;&nbsp;&nbsp; bonifico bancario (Banca&nbsp;INTESASANPAOLO &#8211; IBAN: IT27Y0306909606100000120020 intestato a <em>Associazione<\/em>&nbsp;<em>Progetti Ecar Mandabe ONLUS<\/em>)<\/span><\/p>\n\n\n\n<p><span style=\"font-family: arial, helvetica, sans-serif; font-size: 12pt; color: #000000;\">&#8211;&nbsp;&nbsp;&nbsp;&nbsp;&nbsp;&nbsp;&nbsp;&nbsp; versamento postale (c\/c postale n. 68665660 \u2013 intestato a <em>Associazione<\/em>&nbsp;<em>Progetti Ecar Mandabe ONLUS<\/em>).<\/span><\/p>\n\n\n<div class=\"wp-block-image\">\n<figure class=\"aligncenter\"><a href=\"https:\/\/www.mandabe.org\/wp-content\/uploads\/2014\/06\/Adozioni2.jpg\"><img loading=\"lazy\" decoding=\"async\" width=\"1024\" height=\"768\" src=\"https:\/\/www.mandabe.org\/wp-content\/uploads\/2014\/06\/Adozioni2-1024x768.jpg\" alt=\"Adozioni2\" class=\"wp-image-1656\" srcset=\"https:\/\/www.mandabe.org\/wp-content\/uploads\/2014\/06\/Adozioni2-1024x768.jpg 1024w, https:\/\/www.mandabe.org\/wp-content\/uploads\/2014\/06\/Adozioni2-300x225.jpg 300w, https:\/\/www.mandabe.org\/wp-content\/uploads\/2014\/06\/Adozioni2-268x200.jpg 268w, https:\/\/www.mandabe.org\/wp-content\/uploads\/2014\/06\/Adozioni2-700x525.jpg 700w, https:\/\/www.mandabe.org\/wp-content\/uploads\/2014\/06\/Adozioni2.jpg 1408w\" sizes=\"(max-width: 1024px) 100vw, 1024px\" \/><\/a><\/figure><\/div>\n\n\n<p><span style=\"font-family: arial, helvetica, sans-serif; font-size: 12pt; color: #000000;\">&nbsp;<\/span><\/p>\n\n\n\n<p><span style=\"font-family: arial, helvetica, sans-serif; font-size: 12pt; color: #000000;\">Alcune riflessioni personali di don Riccardo sull&#8217;educazione scolastica:<\/span><\/p>\n\n\n\n<p><span style=\"color: #000000; font-size: 12pt; font-family: arial, helvetica, sans-serif;\"><em>[\u2026] \u00e8 la mia convinzione maturata da oltre 30 anni di presenza in Madagascar, <strong style=\"font-family: sans-serif; font-size: medium; font-style: normal; font-variant: normal; line-height: normal;\">l\u2019aiuto gratuito \u00e8 \u201cdiseducante\u201d<\/strong>. Eccetto rarissimi casi, tutti i genitori devono partecipare all\u2019educazione dei loro figli, anche con il versamento di una piccola tassa.<\/em><\/span><\/p>\n\n\n\n<p><span style=\"color: #000000;\"><em> <span style=\"font-family: arial, helvetica, sans-serif; font-size: 12pt;\">[\u2026] Vorrei cercare di mettere nelle testoline di questi ragazzi che si ama la patria anche piantando alberi e lottando contro gli incendi. Avrete capito che <strong style=\"font-family: sans-serif; font-size: medium; font-style: normal; font-variant: normal; line-height: normal;\">non \u00e8 solo questione di quaderni e di libri<\/strong>, ma cerchiamo di educare questi ragazzi anche all\u2019amore per la preghiera, al lavoro serio e ben fatto, al rispetto degli altri, all\u2019amore per la propria cultura (anche se povera e poco conosciuta!), all\u2019amore per la danza e la musica, allo sport. <strong style=\"font-family: sans-serif; font-size: medium; font-style: normal; font-variant: normal; line-height: normal;\">Vorrei cio\u00e8 che la scuola fosse una famiglia che educa e dove ognuno possa dare il proprio contributo<\/strong> (genitori, ragazzi, insegnanti, il villaggio, le suore, ecc.).<\/span><\/em><\/span><\/p>\n","protected":false},"excerpt":{"rendered":"<p>&nbsp;\u201cLasciateci ingaggiare dunque una lotta globale contro l\u2019analfabetismo e la povert\u00e0, lasciateci prendere in mano libri e penne\u201d&nbsp;(Malala Yousafzai, dal suo discorso all\u2019ONU, luglio 2013). Un&#8217;adozione a distanza concretizza la speranza, vuol dire non sprecare possibilit\u00e0 e offrire opportunit\u00e0 a chi non ne ha. Allo stesso tempo, adottare qualcuno d\u00e0 &#8230;<\/p>\n","protected":false},"author":1,"featured_media":0,"parent":0,"menu_order":0,"comment_status":"closed","ping_status":"open","template":"template-full-width.php","meta":{"footnotes":""},"_links":{"self":[{"href":"https:\/\/www.mandabe.org\/index.php?rest_route=\/wp\/v2\/pages\/1395"}],"collection":[{"href":"https:\/\/www.mandabe.org\/index.php?rest_route=\/wp\/v2\/pages"}],"about":[{"href":"https:\/\/www.mandabe.org\/index.php?rest_route=\/wp\/v2\/types\/page"}],"author":[{"embeddable":true,"href":"https:\/\/www.mandabe.org\/index.php?rest_route=\/wp\/v2\/users\/1"}],"replies":[{"embeddable":true,"href":"https:\/\/www.mandabe.org\/index.php?rest_route=%2Fwp%2Fv2%2Fcomments&post=1395"}],"version-history":[{"count":32,"href":"https:\/\/www.mandabe.org\/index.php?rest_route=\/wp\/v2\/pages\/1395\/revisions"}],"predecessor-version":[{"id":4738,"href":"https:\/\/www.mandabe.org\/index.php?rest_route=\/wp\/v2\/pages\/1395\/revisions\/4738"}],"wp:attachment":[{"href":"https:\/\/www.mandabe.org\/index.php?rest_route=%2Fwp%2Fv2%2Fmedia&parent=1395"}],"curies":[{"name":"wp","href":"https:\/\/api.w.org\/{rel}","templated":true}]}}

<p><span style="color: #000000;"><strong><em><span style="font-family: arial, helvetica, sans-serif; font-size: 12pt;">&nbsp;“Lasciateci ingaggiare dunque una lotta globale contro l’analfabetismo e la povertà, lasciateci prendere in mano libri e penne”&nbsp;</span></em><span style="font-family: arial, helvetica, sans-serif; font-size: 12pt;">(Malala Yousafzai, dal suo discorso all’ONU, luglio 2013).</span></strong></span></p>



<p>Un&#8217;adozione a distanza concretizza la speranza, vuol dire non sprecare possibilità e offrire opportunità a chi non ne ha. Allo stesso tempo, adottare qualcuno dà senso al nostro tempo, senso profondo al nostro vivere, che non significa consumare e consumarsi, qui e ora. Adottare qualcuno per dare futuro, ma anche (e soprattutto) per imparare ad amare, imparare la tenerezza, la pazienza, i sentimenti del dono.</p>



<ul>
<li><span style="color: #000000;"><strong style="font-family: sans-serif; font-size: medium; font-style: normal; font-variant: normal; line-height: normal;">Come funziona l’adozione di un bambino presso la nostra Missione?</strong></span></li>
</ul>



<p><span style="font-family: arial, helvetica, sans-serif; font-size: 12pt; color: #000000;">È un’adozione con la quale ci si impegna a versare un contributo per aiutare un bambino, lasciandolo nel suo contesto familiare e sociale.</span></p>



<ul>
<li><strong><span style="font-family: arial, helvetica, sans-serif; font-size: 12pt; color: #000000;"><a href="https://www.mandabe.org/wp-content/uploads/2014/06/Adozioni3.jpg"><img loading="lazy" decoding="async" class="alignright size-medium wp-image-1657" src="https://www.mandabe.org/wp-content/uploads/2014/06/Adozioni3-225x300.jpg" alt="???????????????????????????????" width="225" height="300" srcset="https://www.mandabe.org/wp-content/uploads/2014/06/Adozioni3-225x300.jpg 225w, https://www.mandabe.org/wp-content/uploads/2014/06/Adozioni3-768x1024.jpg 768w, https://www.mandabe.org/wp-content/uploads/2014/06/Adozioni3-700x933.jpg 700w, https://www.mandabe.org/wp-content/uploads/2014/06/Adozioni3.jpg 1613w" sizes="(max-width: 225px) 100vw, 225px" /></a>A cosa serve il contributo?</span></strong></li>
</ul>



<p><span style="font-family: arial, helvetica, sans-serif; font-size: 12pt; color: #000000;">Il contributo viene utilizzato per aiutare il bambino adottato ad andare a scuola e per sostenerlo nelle sue necessità primarie quotidiane.</span></p>



<p><span style="font-family: arial, helvetica, sans-serif; font-size: 12pt; color: #000000;">In base alle necessità dei bambini e delle scuole della missione, una minima parte del contributo può essere utilizzato per:</span></p>



<ul>
<li><span style="font-family: arial, helvetica, sans-serif; font-size: 12pt; color: #000000;">registrare i bambini all’anagrafe (circa l’80% non lo è ancora), per permettere loro di essere riconosciuti dallo Stato e di godere dei diritti di bambini e di cittadini</span></li>



<li><span style="font-family: arial, helvetica, sans-serif; font-size: 12pt; color: #000000;">aiutare bambini malati ed handicappati (acquisto medicinali, protesi, soggiorno in ospedale, ecc.)</span></li>



<li><span style="font-family: arial, helvetica, sans-serif; font-size: 12pt; color: #000000;">coprire qualche necessità di compagni non adottati, ma bisognosi di sostegno.</span></li>



<li><span style="font-family: arial, helvetica, sans-serif; font-size: 12pt; color: #000000;">completare gli stipendi degli insegnanti</span></li>



<li><span style="font-family: arial, helvetica, sans-serif; font-size: 12pt; color: #000000;">acquistare libri e articoli didattici</span></li>



<li><span style="color: #000000;"><strong>&nbsp;<span style="font-family: arial, helvetica, sans-serif; font-size: 12pt;">Contatti con il bambino&nbsp;</span></strong></span></li>
</ul>



<p><span style="font-family: arial, helvetica, sans-serif; font-size: 12pt; color: #000000;">Nel nostro progetto non è possibile avere contatti diretti od epistolari con il bambino, perché i bambini non hanno un indirizzo personale e vivono in capanne senza via e numero civico. Inoltre la lingua malgascia è una lingua molto difficile, per cui ogni lettera richiederebbe un grande impegno di traduzione da parte della Missione.</span></p>



<ul>
<li><strong><span style="font-family: arial, helvetica, sans-serif; font-size: 12pt; color: #000000;">Impegno per il genitore adottante</span></strong></li>
</ul>



<p><span style="font-family: arial, helvetica, sans-serif; font-size: 12pt; color: #000000;">&nbsp;Viene richiesto possibilmente per tutto il ciclo scolastico (scuola materna, elementare e media).</span></p>



<ul>
<li><strong><span style="font-family: arial, helvetica, sans-serif; font-size: 12pt;">Contributo:</span></strong></li>
</ul>



<p><span style="color: #000000; font-family: arial, helvetica, sans-serif; font-size: 12pt;">L’adozione comporta un contributo annuale a partire da un minimo di&nbsp; € 180,00.&nbsp;</span></p>



<p><span style="color: #000000; font-family: arial, helvetica, sans-serif; font-size: 12pt;">Il&nbsp; contributo può essere suddiviso anche in quote mensili, trimestrali o semestrali e può essere versato con le seguenti modalità:</span></p>



<p><span style="font-family: arial, helvetica, sans-serif; font-size: 12pt; color: #000000;">&#8211;&nbsp;&nbsp;&nbsp;&nbsp;&nbsp;&nbsp;&nbsp;&nbsp; assegno bancario</span></p>



<p><span style="font-family: arial, helvetica, sans-serif; font-size: 12pt; color: #000000;">&#8211;&nbsp;&nbsp;&nbsp;&nbsp;&nbsp;&nbsp;&nbsp;&nbsp; bonifico bancario (Banca&nbsp;INTESASANPAOLO &#8211; IBAN: IT27Y0306909606100000120020 intestato a <em>Associazione</em>&nbsp;<em>Progetti Ecar Mandabe ONLUS</em>)</span></p>



<p><span style="font-family: arial, helvetica, sans-serif; font-size: 12pt; color: #000000;">&#8211;&nbsp;&nbsp;&nbsp;&nbsp;&nbsp;&nbsp;&nbsp;&nbsp; versamento postale (c/c postale n. 68665660 – intestato a <em>Associazione</em>&nbsp;<em>Progetti Ecar Mandabe ONLUS</em>).</span></p>


<div class="wp-block-image">
<figure class="aligncenter"><a href="https://www.mandabe.org/wp-content/uploads/2014/06/Adozioni2.jpg"><img loading="lazy" decoding="async" width="1024" height="768" src="https://www.mandabe.org/wp-content/uploads/2014/06/Adozioni2-1024x768.jpg" alt="Adozioni2" class="wp-image-1656" srcset="https://www.mandabe.org/wp-content/uploads/2014/06/Adozioni2-1024x768.jpg 1024w, https://www.mandabe.org/wp-content/uploads/2014/06/Adozioni2-300x225.jpg 300w, https://www.mandabe.org/wp-content/uploads/2014/06/Adozioni2-268x200.jpg 268w, https://www.mandabe.org/wp-content/uploads/2014/06/Adozioni2-700x525.jpg 700w, https://www.mandabe.org/wp-content/uploads/2014/06/Adozioni2.jpg 1408w" sizes="(max-width: 1024px) 100vw, 1024px" /></a></figure></div>


<p><span style="font-family: arial, helvetica, sans-serif; font-size: 12pt; color: #000000;">&nbsp;</span></p>



<p><span style="font-family: arial, helvetica, sans-serif; font-size: 12pt; color: #000000;">Alcune riflessioni personali di don Riccardo sull&#8217;educazione scolastica:</span></p>



<p><span style="color: #000000; font-size: 12pt; font-family: arial, helvetica, sans-serif;"><em>[…] è la mia convinzione maturata da oltre 30 anni di presenza in Madagascar, <strong style="font-family: sans-serif; font-size: medium; font-style: normal; font-variant: normal; line-height: normal;">l’aiuto gratuito è “diseducante”</strong>. Eccetto rarissimi casi, tutti i genitori devono partecipare all’educazione dei loro figli, anche con il versamento di una piccola tassa.</em></span></p>



<p><span style="color: #000000;"><em> <span style="font-family: arial, helvetica, sans-serif; font-size: 12pt;">[…] Vorrei cercare di mettere nelle testoline di questi ragazzi che si ama la patria anche piantando alberi e lottando contro gli incendi. Avrete capito che <strong style="font-family: sans-serif; font-size: medium; font-style: normal; font-variant: normal; line-height: normal;">non è solo questione di quaderni e di libri</strong>, ma cerchiamo di educare questi ragazzi anche all’amore per la preghiera, al lavoro serio e ben fatto, al rispetto degli altri, all’amore per la propria cultura (anche se povera e poco conosciuta!), all’amore per la danza e la musica, allo sport. <strong style="font-family: sans-serif; font-size: medium; font-style: normal; font-variant: normal; line-height: normal;">Vorrei cioè che la scuola fosse una famiglia che educa e dove ognuno possa dare il proprio contributo</strong> (genitori, ragazzi, insegnanti, il villaggio, le suore, ecc.).</span></em></span></p>

<p>&nbsp;“Lasciateci ingaggiare dunque una lotta globale contro l’analfabetismo e la povertà, lasciateci prendere in mano libri e penne”&nbsp;(Malala Yousafzai, dal suo discorso all’ONU, luglio 2013). Un&#8217;adozione a distanza concretizza la speranza, vuol dire non sprecare possibilità e offrire opportunità a chi non ne ha. Allo stesso tempo, adottare qualcuno dà &#8230;</p>
