{"id":1432,"date":"2014-07-02T22:03:43","date_gmt":"2014-07-02T20:03:43","guid":{"rendered":"http:\/\/www.mandabe.org\/?page_id=1432"},"modified":"2014-07-02T22:37:47","modified_gmt":"2014-07-02T20:37:47","slug":"il-canale-di-fandroa","status":"publish","type":"page","link":"https:\/\/www.mandabe.org\/?page_id=1432","title":{"rendered":"IL CANALE DI FANDROA"},"content":{"rendered":"<p style=\"text-align: center;\"><a href=\"https:\/\/www.mandabe.org\/wp-content\/uploads\/2014\/07\/canalegiugno200431.jpg\"><img loading=\"lazy\" decoding=\"async\" class=\"aligncenter size-medium wp-image-1441\" src=\"https:\/\/www.mandabe.org\/wp-content\/uploads\/2014\/07\/canalegiugno200431-300x225.jpg\" alt=\"canalegiugno200431\" width=\"300\" height=\"225\" srcset=\"https:\/\/www.mandabe.org\/wp-content\/uploads\/2014\/07\/canalegiugno200431-300x225.jpg 300w, https:\/\/www.mandabe.org\/wp-content\/uploads\/2014\/07\/canalegiugno200431-268x200.jpg 268w, https:\/\/www.mandabe.org\/wp-content\/uploads\/2014\/07\/canalegiugno200431.jpg 600w\" sizes=\"(max-width: 300px) 100vw, 300px\" \/><\/a><\/p>\n<p><span style=\"font-family: arial, helvetica, sans-serif; font-size: 12pt; color: #000000;\">Per\u00a0alcuni anni siamo stati impegnati per il ripristino di un canale d&#8217;irrigazione che consentisse alla comunit\u00e0 di Mandabe di utilizzare le acque del fiume\u00a0Fandroa<\/span><span style=\"font-family: arial, helvetica, sans-serif; font-size: 12pt; color: #000000;\">\u00a0per irrigare una superficie di circa 450 ettari da destinare a risaia (inizialmente erano\u00a0coltivati, in condizioni precarie, circa 120 ettari). Ci\u00f2 ha comportato\u00a0un incremento notevole della produzione di riso con conseguente impatto positivo sull&#8217;economia locale, miglioramento delle condizioni di vita e possibilit\u00e0 di introdurre gradualmente attrezzature pi\u00f9 adeguate.<\/span><\/p>\n<p><span style=\"font-family: arial, helvetica, sans-serif; font-size: 12pt; color: #000000;\"><a href=\"https:\/\/www.mandabe.org\/wp-content\/uploads\/2014\/07\/canalegiugno200406.jpg\"><img loading=\"lazy\" decoding=\"async\" class=\"alignleft size-thumbnail wp-image-1442\" src=\"https:\/\/www.mandabe.org\/wp-content\/uploads\/2014\/07\/canalegiugno200406-150x150.jpg\" alt=\"canalegiugno200406\" width=\"150\" height=\"150\" srcset=\"https:\/\/www.mandabe.org\/wp-content\/uploads\/2014\/07\/canalegiugno200406-150x150.jpg 150w, https:\/\/www.mandabe.org\/wp-content\/uploads\/2014\/07\/canalegiugno200406-100x100.jpg 100w\" sizes=\"(max-width: 150px) 100vw, 150px\" \/><\/a>Il progetto iniziale era\u00a0del 2002 ed \u00e8 stato oggetto di varie revisioni\u00a0con aggiornamenti di spesa che hanno portato il preventivo finale intorno ai 400.000 euro.<\/span><br style=\"color: #5e593d;\" \/><span style=\"color: #000000; font-family: arial, helvetica, sans-serif; font-size: 12pt;\">Nei primi anni\u00a0ci si \u00e8 impegnati su due fronti, ossia verificare la validit\u00e0 e fattibilit\u00e0 del progetto da parte di esperti\u00a0e trovare i fondi necessari.<\/span><\/p>\n<p><span style=\"color: #000000; font-family: arial, helvetica, sans-serif; font-size: 12pt;\">Non \u00e8 stato facile: tanti contatti, disponibilit\u00e0 annunciate da parte d&#8217;istituzioni nazionali ed internazionali, tanti buoni propositi da parte di molti, con le pi\u00f9 svariate motivazioni sono poi caduti nel nulla.<\/span><br style=\"color: #5e593d;\" \/><span style=\"font-family: arial, helvetica, sans-serif; font-size: 12pt; color: #000000;\">Unica risposta immediata e poi continuata con perseveranza e significativit\u00e0 \u00e8 stata quella degli\u00a0amici. Questo ci ha consentito\u00a0di guardare con pi\u00f9 tranquillit\u00e0 all&#8217;avvio dei lavori.<\/span><\/p>\n<p style=\"color: #5e593d;\"><span style=\"font-family: arial, helvetica, sans-serif; font-size: 12pt; color: #000000;\"><a href=\"https:\/\/www.mandabe.org\/wp-content\/uploads\/2014\/07\/canalegiugno200450.jpg\"><img loading=\"lazy\" decoding=\"async\" class=\"alignright size-thumbnail wp-image-1443\" src=\"https:\/\/www.mandabe.org\/wp-content\/uploads\/2014\/07\/canalegiugno200450-150x150.jpg\" alt=\"canalegiugno200450\" width=\"150\" height=\"150\" srcset=\"https:\/\/www.mandabe.org\/wp-content\/uploads\/2014\/07\/canalegiugno200450-150x150.jpg 150w, https:\/\/www.mandabe.org\/wp-content\/uploads\/2014\/07\/canalegiugno200450-100x100.jpg 100w\" sizes=\"(max-width: 150px) 100vw, 150px\" \/><\/a>Nel corso del 2006 \u00e8 stato eseguito un sopralluogo da un laureando malgascio e nel mese di agosto da due ingegneri italiani che si sono recati in loco e hanno provveduto:<\/span><\/p>\n<ul style=\"color: #5e593d;\">\n<li><span style=\"font-family: arial, helvetica, sans-serif; font-size: 12pt; color: #000000;\">a prendere visione dello stato delle cose, confrontando i loro rilevamenti col progetto in essere;<\/span><\/li>\n<li><span style=\"font-family: arial, helvetica, sans-serif; font-size: 12pt; color: #000000;\">a incontrare i beneficiari\/utilizzatori del canale per verificare il loro impegno ad organizzare &#8211; dopo il ripristino del canale \u2013\u00a0dei dettagliati programmi di manutenzione, indispensabili per mantenerlo in stato d&#8217;efficienza: senza tale impegno, peraltro, nessuna istituzione finanziaria sarebbe stata disposta a dare contributi;<\/span><\/li>\n<li><span style=\"font-family: arial, helvetica, sans-serif; font-size: 12pt; color: #000000;\"><a href=\"https:\/\/www.mandabe.org\/wp-content\/uploads\/2014\/07\/canalegiugno200428.jpg\"><img loading=\"lazy\" decoding=\"async\" class=\"alignright size-thumbnail wp-image-1444\" src=\"https:\/\/www.mandabe.org\/wp-content\/uploads\/2014\/07\/canalegiugno200428-150x150.jpg\" alt=\"canalegiugno200428\" width=\"150\" height=\"150\" srcset=\"https:\/\/www.mandabe.org\/wp-content\/uploads\/2014\/07\/canalegiugno200428-150x150.jpg 150w, https:\/\/www.mandabe.org\/wp-content\/uploads\/2014\/07\/canalegiugno200428-100x100.jpg 100w\" sizes=\"(max-width: 150px) 100vw, 150px\" \/><\/a>informare in specifico incontro le imprese, che avrebbero eseguito i lavori,\u00a0che i dati loro consegnati per il progetto potevano essere rivisti e invitarle ad una visione diretta in loco perch\u00e9 si rendessero conto delle problematiche connesse all&#8217;assenza di facili collegamenti, reperimento mezzi e materiali di cui loro sarebbero stati\u00a0responsabili;<\/span><\/li>\n<li><span style=\"font-family: arial, helvetica, sans-serif; font-size: 12pt; color: #000000;\">richiedere un nuovo rilievo topografico della zona, indispensabile per scelte progettuali realistiche che i tecnici avrebbero dovuto\u00a0fare per redigere un nuovo progetto;<\/span><\/li>\n<li><span style=\"font-family: arial, helvetica, sans-serif; font-size: 12pt; color: #000000;\"><a href=\"https:\/\/www.mandabe.org\/wp-content\/uploads\/2014\/07\/canalegiugno200445.jpg\"><img loading=\"lazy\" decoding=\"async\" class=\"alignright size-thumbnail wp-image-1445\" src=\"https:\/\/www.mandabe.org\/wp-content\/uploads\/2014\/07\/canalegiugno200445-150x150.jpg\" alt=\"canalegiugno200445\" width=\"150\" height=\"150\" srcset=\"https:\/\/www.mandabe.org\/wp-content\/uploads\/2014\/07\/canalegiugno200445-150x150.jpg 150w, https:\/\/www.mandabe.org\/wp-content\/uploads\/2014\/07\/canalegiugno200445-100x100.jpg 100w\" sizes=\"(max-width: 150px) 100vw, 150px\" \/><\/a>ad iniziare, in attesa di tali dati, e in accordo con Padre Riccardo, a pulire la presa esistente ed il primo tratto del canale al fine di verificarne la possibile riutilizzazione, senza doverne cambiare il tracciato, salvo richieste motivate da parte degli utilizzatori.<\/span><\/li>\n<\/ul>\n<p>&nbsp;<\/p>\n<p>&nbsp;<\/p>\n<p><span style=\"font-family: arial, helvetica, sans-serif; font-size: 12pt; color: #000000;\">Nel dicembre 2008 il canale \u00e8 stato finalmente inaugurato. Qui di seguito le righe inviateci per l&#8217;occasione da don Riccardo:<\/span><\/p>\n<blockquote>\n<p style=\"color: #5e593d;\"><span style=\"font-family: arial, helvetica, sans-serif; font-size: 12pt; color: #000000;\">Cari amici!<\/span><br \/>\n<span style=\"font-family: arial, helvetica, sans-serif; font-size: 12pt; color: #000000;\">Il 4 dicembre siamo andati semplicemente con i ragazzi della scuola di Mandabe,\u00a0 in riva al fiume Fandroa.<\/span><\/p>\n<p style=\"color: #5e593d;\"><a href=\"https:\/\/www.mandabe.org\/wp-content\/uploads\/2014\/07\/canale-02_01-e1404333174508.jpg\"><img loading=\"lazy\" decoding=\"async\" class=\"aligncenter wp-image-1447 size-medium\" src=\"https:\/\/www.mandabe.org\/wp-content\/uploads\/2014\/07\/canale-02_01-e1404333174508-300x226.jpg\" alt=\"\" width=\"300\" height=\"226\" srcset=\"https:\/\/www.mandabe.org\/wp-content\/uploads\/2014\/07\/canale-02_01-e1404333174508-300x226.jpg 300w, https:\/\/www.mandabe.org\/wp-content\/uploads\/2014\/07\/canale-02_01-e1404333174508.jpg 356w\" sizes=\"(max-width: 300px) 100vw, 300px\" \/><\/a><\/p>\n<p><center style=\"color: #000000;\"><\/center><span style=\"font-family: arial, helvetica, sans-serif; font-size: 12pt; color: #000000;\">L\u00ec\u00a0<strong>abbiamo ringraziato<\/strong>\u00a0il Signore per questo immenso dono dell&#8217;acqua\u00a0 che Mandabe\u00a0<b>aspettava da oltre 30 anni<\/b>.<\/span><\/p>\n<p><a href=\"https:\/\/www.mandabe.org\/wp-content\/uploads\/2014\/07\/canale-02_02-e1404333241582.jpg\"><img loading=\"lazy\" decoding=\"async\" class=\"aligncenter size-medium wp-image-1448\" src=\"https:\/\/www.mandabe.org\/wp-content\/uploads\/2014\/07\/canale-02_02-e1404333241582-300x225.jpg\" alt=\"canale-02_02\" width=\"300\" height=\"225\" srcset=\"https:\/\/www.mandabe.org\/wp-content\/uploads\/2014\/07\/canale-02_02-e1404333241582-300x225.jpg 300w, https:\/\/www.mandabe.org\/wp-content\/uploads\/2014\/07\/canale-02_02-e1404333241582-268x200.jpg 268w, https:\/\/www.mandabe.org\/wp-content\/uploads\/2014\/07\/canale-02_02-e1404333241582.jpg 357w\" sizes=\"(max-width: 300px) 100vw, 300px\" \/><\/a><\/p>\n<p><center style=\"color: #000000;\"><\/center><span style=\"font-family: arial, helvetica, sans-serif; font-size: 12pt; color: #000000;\"><strong>Abbiamo pregato<\/strong>\u00a0per voi che ci avete aiutato con una generosit\u00e0 ed un entusiasmo\u00a0 ammirevoli.<\/span><\/p>\n<p><a href=\"https:\/\/www.mandabe.org\/wp-content\/uploads\/2014\/07\/canale-02_03-e1404333282921.jpg\"><img loading=\"lazy\" decoding=\"async\" class=\"aligncenter size-medium wp-image-1449\" src=\"https:\/\/www.mandabe.org\/wp-content\/uploads\/2014\/07\/canale-02_03-e1404333282921-300x226.jpg\" alt=\"canale-02_03\" width=\"300\" height=\"226\" srcset=\"https:\/\/www.mandabe.org\/wp-content\/uploads\/2014\/07\/canale-02_03-e1404333282921-300x226.jpg 300w, https:\/\/www.mandabe.org\/wp-content\/uploads\/2014\/07\/canale-02_03-e1404333282921.jpg 358w\" sizes=\"(max-width: 300px) 100vw, 300px\" \/><\/a><\/p>\n<p><center style=\"color: #000000;\"><\/center><span style=\"font-family: arial, helvetica, sans-serif; font-size: 12pt; color: #000000;\"><strong>Abbiamo fatto memoria<\/strong>\u00a0dei due giovani uccisi: Andry e Serge.<\/span><\/p>\n<p><span style=\"font-family: arial, helvetica, sans-serif; font-size: 12pt; color: #000000;\"><strong>Abbiamo pregato<\/strong>\u00a0per le loro famiglie vittime di una tragedia cosi assurda.<\/span><\/p>\n<p><a href=\"https:\/\/www.mandabe.org\/wp-content\/uploads\/2014\/07\/fd_200807r_02.jpg\"><img loading=\"lazy\" decoding=\"async\" class=\"aligncenter size-medium wp-image-1450\" src=\"https:\/\/www.mandabe.org\/wp-content\/uploads\/2014\/07\/fd_200807r_02-300x285.jpg\" alt=\"fd_200807r_02\" width=\"300\" height=\"285\" srcset=\"https:\/\/www.mandabe.org\/wp-content\/uploads\/2014\/07\/fd_200807r_02-300x285.jpg 300w, https:\/\/www.mandabe.org\/wp-content\/uploads\/2014\/07\/fd_200807r_02.jpg 443w\" sizes=\"(max-width: 300px) 100vw, 300px\" \/><\/a><\/p>\n<p><center style=\"color: #000000;\"><\/center><span style=\"font-family: arial, helvetica, sans-serif; font-size: 12pt; color: #000000;\"><strong>Abbiamo chiesto<\/strong>\u00a0al Signore\u00a0 il dono di saper sempre apprezzare i suoi doni, soprattutto l&#8217;acqua.<\/span><\/p>\n<p style=\"color: #5e593d;\"><span style=\"font-family: arial, helvetica, sans-serif; font-size: 12pt; color: #000000;\">Poi, dopo la preghiera, \u00e8\u00a0stata aperta la saracinesca perch\u00e9 l&#8217;acqua potesse \u201craggiungere presto\u201d Mandabe dove centinaia di bambini l&#8217;aspettavano per tuffarcisi dentro.<\/span><\/p>\n<p style=\"color: #5e593d;\"><a href=\"https:\/\/www.mandabe.org\/wp-content\/uploads\/2014\/07\/canale-02_04-e1404333430172.jpg\"><img loading=\"lazy\" decoding=\"async\" class=\"aligncenter wp-image-1451 size-full\" src=\"https:\/\/www.mandabe.org\/wp-content\/uploads\/2014\/07\/canale-02_04-e1404333430172.jpg\" alt=\"\" width=\"359\" height=\"269\" srcset=\"https:\/\/www.mandabe.org\/wp-content\/uploads\/2014\/07\/canale-02_04-e1404333430172.jpg 359w, https:\/\/www.mandabe.org\/wp-content\/uploads\/2014\/07\/canale-02_04-e1404333430172-300x224.jpg 300w, https:\/\/www.mandabe.org\/wp-content\/uploads\/2014\/07\/canale-02_04-e1404333430172-268x200.jpg 268w\" sizes=\"(max-width: 359px) 100vw, 359px\" \/><\/a><\/p>\n<p><center style=\"color: #000000;\"><\/center><span style=\"font-family: arial, helvetica, sans-serif; font-size: 12pt; color: #000000;\">Voglia il Signore accordare ad ognuno di voi tutto il bene che desiderate e di cui avete bisogno.\u00a0<\/span><\/p>\n<p style=\"color: #5e593d;\"><span style=\"font-family: arial, helvetica, sans-serif; font-size: 12pt; color: #000000;\">Un abbraccio a tutti.\u00a0<\/span><\/p>\n<p><center style=\"color: #000000;\"><strong><span style=\"font-family: arial, helvetica, sans-serif; font-size: 12pt; color: #000000;\">GRAZIE DI CUORE<\/span><\/strong><\/center><\/p>\n<p style=\"color: #5e593d;\"><span style=\"font-family: arial, helvetica, sans-serif; font-size: 12pt;\">\u00a0<\/span><\/p>\n<p><center style=\"color: #000000;\"><img decoding=\"async\" src=\"https:\/\/www.mandabe.org\/images\/pag_interne\/firma.gif\" alt=\"\" \/><\/center><\/p><\/blockquote>\n","protected":false},"excerpt":{"rendered":"<p>Per\u00a0alcuni anni siamo stati impegnati per il ripristino di un canale d&#8217;irrigazione che consentisse alla comunit\u00e0 di Mandabe di utilizzare le acque del fiume\u00a0Fandroa\u00a0per irrigare una superficie di circa 450 ettari da destinare a risaia (inizialmente erano\u00a0coltivati, in condizioni precarie, circa 120 ettari). Ci\u00f2 ha comportato\u00a0un incremento notevole della produzione &#8230;<\/p>\n","protected":false},"author":1,"featured_media":0,"parent":0,"menu_order":0,"comment_status":"closed","ping_status":"open","template":"","meta":{"footnotes":""},"_links":{"self":[{"href":"https:\/\/www.mandabe.org\/index.php?rest_route=\/wp\/v2\/pages\/1432"}],"collection":[{"href":"https:\/\/www.mandabe.org\/index.php?rest_route=\/wp\/v2\/pages"}],"about":[{"href":"https:\/\/www.mandabe.org\/index.php?rest_route=\/wp\/v2\/types\/page"}],"author":[{"embeddable":true,"href":"https:\/\/www.mandabe.org\/index.php?rest_route=\/wp\/v2\/users\/1"}],"replies":[{"embeddable":true,"href":"https:\/\/www.mandabe.org\/index.php?rest_route=%2Fwp%2Fv2%2Fcomments&post=1432"}],"version-history":[{"count":6,"href":"https:\/\/www.mandabe.org\/index.php?rest_route=\/wp\/v2\/pages\/1432\/revisions"}],"predecessor-version":[{"id":1452,"href":"https:\/\/www.mandabe.org\/index.php?rest_route=\/wp\/v2\/pages\/1432\/revisions\/1452"}],"wp:attachment":[{"href":"https:\/\/www.mandabe.org\/index.php?rest_route=%2Fwp%2Fv2%2Fmedia&parent=1432"}],"curies":[{"name":"wp","href":"https:\/\/api.w.org\/{rel}","templated":true}]}}