{"id":2853,"date":"2015-12-10T16:41:44","date_gmt":"2015-12-10T15:41:44","guid":{"rendered":"http:\/\/www.mandabe.org\/?page_id=2853"},"modified":"2015-12-14T22:27:01","modified_gmt":"2015-12-14T21:27:01","slug":"incontro-degli-amici-della-missione-29112015","status":"publish","type":"page","link":"https:\/\/www.mandabe.org\/?page_id=2853","title":{"rendered":"Incontro degli &#8220;Amici della Missione&#8221; (29\/11\/2015)"},"content":{"rendered":"<p><span style=\"color: #000000; font-family: arial, helvetica, sans-serif; font-size: 12pt;\">Come di consueto, l\u2019incontro con gli amici e benefattori della missione ha avuto inizio con la Messa presieduta da don Bruno, il quale ha dato un\u2019impronta missionaria alla liturgia e ha centrato l\u2019omelia sull&#8217;importanza dello Spirito che spinge le persone a scegliere la propria strada; davanti all\u2019altare era stata posizionata una panchina, piena di bigliettini, simbolo del luogo dell\u2019incontro tra innamorati: l\u2019<strong>incanto<\/strong> del primo incontro \u00e8 lo stesso che dovrebbe essere presente anche nell&#8217;incontro con Dio e che dovrebbe essere duraturo.<\/span><\/p>\n<p><span style=\"color: #000000; font-family: arial, helvetica, sans-serif; font-size: 12pt;\">Don Bruno ha precisato di non avere mai conosciuto personalmente don Riccardo, ma che riconosce nella sua scelta radicale per i poveri questo stesso Spirito che nel tempo ha saputo coinvolgere e \u201caccattivare\u201d tante persone, creando un folto gruppo di amici e sostenitori della missione.<\/span><\/p>\n<p><span style=\"color: #000000; font-family: arial, helvetica, sans-serif; font-size: 12pt;\">La serata \u00e8 proseguita nei locali gentilmente concessi dalla bocciofila per l\u2019incontro conviviale: secondo un proverbio malgascio, \u201cChi mangia insieme \u00e8 un\u2019anima sola\u201d ed \u00e8 stato piacevole stare insieme, tra persone che condividono il valore della missionariet\u00e0 e la solidariet\u00e0 a sostegno della nostra missione. La preparazione della cena e della sala cerca sempre di essere accurata affinch\u00e9 le persone che partecipano possano stare bene insieme, parlare e fare festa.<\/span><\/p>\n<p>&nbsp;<\/p>\n<p><span style=\"font-family: arial, helvetica, sans-serif; font-size: 12pt; color: #000000;\">Riportiamo di seguito l&#8217;augurio di una cara amica della Missione:<\/span><\/p>\n<blockquote><p><span style=\"font-family: arial, helvetica, sans-serif; font-size: 12pt; color: #000000;\">Carissimi amici dell\u2019Associazione,<\/span><\/p>\n<p><span style=\"font-family: arial, helvetica, sans-serif; font-size: 12pt; color: #000000;\">il Signore vi dia pace.<\/span><\/p>\n<p><span style=\"font-family: arial, helvetica, sans-serif; font-size: 12pt; color: #000000;\">Eccomi a dirvi la mia vicinanza e preghiera per i prossimi appuntamenti che vivrete, nel segno dell\u2019amicizia che ci stringe a don Riccardo e della comunione che vi unisce.<\/span><\/p>\n<p><span style=\"font-family: arial, helvetica, sans-serif; font-size: 12pt; color: #000000;\">Papa Francesco ci insegna, con il suo viaggio in Africa, a tenere il cuore dilatato, a testimoniare la passione per l\u2019annuncio della Buona notizia di Ges\u00f9 per i poveri, a prenderci cura di ogni fratello e sorella.<\/span><\/p>\n<p><span style=\"font-family: arial, helvetica, sans-serif; font-size: 12pt; color: #000000;\">Senza il Signore Ges\u00f9 non possiamo far nulla\u2026 Ma anche l\u2019 Avvento che celebriamo ci invita a confidare in Lui: il Veniente, il Sole che sorge per dissipare le ombre di morte, il Mite che apre cammini di pace e riconciliazione, il misericordioso Salvatore.<\/span><\/p>\n<p><span style=\"font-family: arial, helvetica, sans-serif; font-size: 12pt; color: #000000;\">Ci trovi vigilanti, con uno sguardo penetrante che sa riconoscere la sua presenza e alla sua luce cogliere il senso degli eventi e con un cuore accogliente e disarmato.<\/span><\/p>\n<p><span style=\"font-family: arial, helvetica, sans-serif; font-size: 12pt; color: #000000;\">Un saluto fraterno<\/span><\/p>\n<p><span style=\"font-family: arial, helvetica, sans-serif; font-size: 12pt; color: #000000;\">\u00a0 \u00a0 \u00a0 \u00a0 \u00a0\u00a0<\/span><\/p><\/blockquote>\n\n\t\t<div id='gallery-1' class='gallery galleryid-2853 gallery-columns-4 gallery-size-thumbnail gallery-link-file'><figure class='gallery-item'>\n\t\t\t<span class='gallery-icon'>\n\t\t\t\t<a rel='attachment' href='https:\/\/www.mandabe.org\/wp-content\/uploads\/2015\/12\/IMG_2295.jpg'><img loading=\"lazy\" decoding=\"async\" width=\"150\" height=\"150\" src=\"https:\/\/www.mandabe.org\/wp-content\/uploads\/2015\/12\/IMG_2295-150x150.jpg\" class=\"attachment-thumbnail size-thumbnail\" alt=\"\" srcset=\"https:\/\/www.mandabe.org\/wp-content\/uploads\/2015\/12\/IMG_2295-150x150.jpg 150w, https:\/\/www.mandabe.org\/wp-content\/uploads\/2015\/12\/IMG_2295-100x100.jpg 100w\" sizes=\"(max-width: 150px) 100vw, 150px\" \/><\/a>\n\t\t\t<\/span><\/figure><figure class='gallery-item'>\n\t\t\t<span class='gallery-icon'>\n\t\t\t\t<a rel='attachment' href='https:\/\/www.mandabe.org\/wp-content\/uploads\/2015\/12\/IMG_2291.jpg'><img loading=\"lazy\" decoding=\"async\" width=\"150\" height=\"150\" src=\"https:\/\/www.mandabe.org\/wp-content\/uploads\/2015\/12\/IMG_2291-150x150.jpg\" class=\"attachment-thumbnail size-thumbnail\" alt=\"\" srcset=\"https:\/\/www.mandabe.org\/wp-content\/uploads\/2015\/12\/IMG_2291-150x150.jpg 150w, https:\/\/www.mandabe.org\/wp-content\/uploads\/2015\/12\/IMG_2291-100x100.jpg 100w\" sizes=\"(max-width: 150px) 100vw, 150px\" \/><\/a>\n\t\t\t<\/span><\/figure><figure class='gallery-item'>\n\t\t\t<span class='gallery-icon'>\n\t\t\t\t<a rel='attachment' href='https:\/\/www.mandabe.org\/wp-content\/uploads\/2015\/12\/IMG_2297.jpg'><img loading=\"lazy\" decoding=\"async\" width=\"150\" height=\"150\" src=\"https:\/\/www.mandabe.org\/wp-content\/uploads\/2015\/12\/IMG_2297-150x150.jpg\" class=\"attachment-thumbnail size-thumbnail\" alt=\"\" srcset=\"https:\/\/www.mandabe.org\/wp-content\/uploads\/2015\/12\/IMG_2297-150x150.jpg 150w, https:\/\/www.mandabe.org\/wp-content\/uploads\/2015\/12\/IMG_2297-100x100.jpg 100w\" sizes=\"(max-width: 150px) 100vw, 150px\" \/><\/a>\n\t\t\t<\/span><\/figure><figure class='gallery-item'>\n\t\t\t<span class='gallery-icon'>\n\t\t\t\t<a rel='attachment' href='https:\/\/www.mandabe.org\/wp-content\/uploads\/2015\/12\/IMG_2302.jpg'><img loading=\"lazy\" decoding=\"async\" width=\"150\" height=\"150\" src=\"https:\/\/www.mandabe.org\/wp-content\/uploads\/2015\/12\/IMG_2302-150x150.jpg\" class=\"attachment-thumbnail size-thumbnail\" alt=\"\" srcset=\"https:\/\/www.mandabe.org\/wp-content\/uploads\/2015\/12\/IMG_2302-150x150.jpg 150w, https:\/\/www.mandabe.org\/wp-content\/uploads\/2015\/12\/IMG_2302-100x100.jpg 100w\" sizes=\"(max-width: 150px) 100vw, 150px\" \/><\/a>\n\t\t\t<\/span><\/figure><br style=\"clear: both\" \/><figure class='gallery-item'>\n\t\t\t<span class='gallery-icon'>\n\t\t\t\t<a rel='attachment' href='https:\/\/www.mandabe.org\/wp-content\/uploads\/2015\/12\/IMG_2305.jpg'><img loading=\"lazy\" decoding=\"async\" width=\"150\" height=\"150\" src=\"https:\/\/www.mandabe.org\/wp-content\/uploads\/2015\/12\/IMG_2305-150x150.jpg\" class=\"attachment-thumbnail size-thumbnail\" alt=\"\" srcset=\"https:\/\/www.mandabe.org\/wp-content\/uploads\/2015\/12\/IMG_2305-150x150.jpg 150w, https:\/\/www.mandabe.org\/wp-content\/uploads\/2015\/12\/IMG_2305-100x100.jpg 100w\" sizes=\"(max-width: 150px) 100vw, 150px\" \/><\/a>\n\t\t\t<\/span><\/figure><figure class='gallery-item'>\n\t\t\t<span class='gallery-icon'>\n\t\t\t\t<a rel='attachment' href='https:\/\/www.mandabe.org\/wp-content\/uploads\/2015\/12\/IMG_2311.jpg'><img loading=\"lazy\" decoding=\"async\" width=\"150\" height=\"150\" src=\"https:\/\/www.mandabe.org\/wp-content\/uploads\/2015\/12\/IMG_2311-150x150.jpg\" class=\"attachment-thumbnail size-thumbnail\" alt=\"\" srcset=\"https:\/\/www.mandabe.org\/wp-content\/uploads\/2015\/12\/IMG_2311-150x150.jpg 150w, https:\/\/www.mandabe.org\/wp-content\/uploads\/2015\/12\/IMG_2311-100x100.jpg 100w\" sizes=\"(max-width: 150px) 100vw, 150px\" \/><\/a>\n\t\t\t<\/span><\/figure><figure class='gallery-item'>\n\t\t\t<span class='gallery-icon'>\n\t\t\t\t<a rel='attachment' href='https:\/\/www.mandabe.org\/wp-content\/uploads\/2015\/12\/IMG_2318.jpg'><img loading=\"lazy\" decoding=\"async\" width=\"150\" height=\"150\" src=\"https:\/\/www.mandabe.org\/wp-content\/uploads\/2015\/12\/IMG_2318-150x150.jpg\" class=\"attachment-thumbnail size-thumbnail\" alt=\"\" srcset=\"https:\/\/www.mandabe.org\/wp-content\/uploads\/2015\/12\/IMG_2318-150x150.jpg 150w, https:\/\/www.mandabe.org\/wp-content\/uploads\/2015\/12\/IMG_2318-100x100.jpg 100w\" sizes=\"(max-width: 150px) 100vw, 150px\" \/><\/a>\n\t\t\t<\/span><\/figure><figure class='gallery-item'>\n\t\t\t<span class='gallery-icon'>\n\t\t\t\t<a rel='attachment' href='https:\/\/www.mandabe.org\/wp-content\/uploads\/2015\/12\/IMG_2320.jpg'><img loading=\"lazy\" decoding=\"async\" width=\"150\" height=\"150\" src=\"https:\/\/www.mandabe.org\/wp-content\/uploads\/2015\/12\/IMG_2320-150x150.jpg\" class=\"attachment-thumbnail size-thumbnail\" alt=\"\" srcset=\"https:\/\/www.mandabe.org\/wp-content\/uploads\/2015\/12\/IMG_2320-150x150.jpg 150w, https:\/\/www.mandabe.org\/wp-content\/uploads\/2015\/12\/IMG_2320-100x100.jpg 100w\" sizes=\"(max-width: 150px) 100vw, 150px\" \/><\/a>\n\t\t\t<\/span><\/figure><br style=\"clear: both\" \/><figure class='gallery-item'>\n\t\t\t<span class='gallery-icon'>\n\t\t\t\t<a rel='attachment' href='https:\/\/www.mandabe.org\/wp-content\/uploads\/2015\/12\/IMG_2300.jpg'><img loading=\"lazy\" decoding=\"async\" width=\"150\" height=\"150\" src=\"https:\/\/www.mandabe.org\/wp-content\/uploads\/2015\/12\/IMG_2300-150x150.jpg\" class=\"attachment-thumbnail size-thumbnail\" alt=\"\" srcset=\"https:\/\/www.mandabe.org\/wp-content\/uploads\/2015\/12\/IMG_2300-150x150.jpg 150w, https:\/\/www.mandabe.org\/wp-content\/uploads\/2015\/12\/IMG_2300-100x100.jpg 100w\" sizes=\"(max-width: 150px) 100vw, 150px\" \/><\/a>\n\t\t\t<\/span><\/figure><figure class='gallery-item'>\n\t\t\t<span class='gallery-icon'>\n\t\t\t\t<a rel='attachment' href='https:\/\/www.mandabe.org\/wp-content\/uploads\/2015\/12\/IMG_2313.jpg'><img loading=\"lazy\" decoding=\"async\" width=\"150\" height=\"150\" src=\"https:\/\/www.mandabe.org\/wp-content\/uploads\/2015\/12\/IMG_2313-150x150.jpg\" class=\"attachment-thumbnail size-thumbnail\" alt=\"\" srcset=\"https:\/\/www.mandabe.org\/wp-content\/uploads\/2015\/12\/IMG_2313-150x150.jpg 150w, https:\/\/www.mandabe.org\/wp-content\/uploads\/2015\/12\/IMG_2313-100x100.jpg 100w\" sizes=\"(max-width: 150px) 100vw, 150px\" \/><\/a>\n\t\t\t<\/span><\/figure>\n\t\t\t<div class='clear'><\/div>\n\t\t<\/div>\n\n","protected":false},"excerpt":{"rendered":"<p>Come di consueto, l\u2019incontro con gli amici e benefattori della missione ha avuto inizio con la Messa presieduta da don Bruno, il quale ha dato un\u2019impronta missionaria alla liturgia e ha centrato l\u2019omelia sull&#8217;importanza dello Spirito che spinge le persone a scegliere la propria strada; davanti all\u2019altare era stata posizionata &#8230;<\/p>\n","protected":false},"author":1,"featured_media":0,"parent":0,"menu_order":0,"comment_status":"closed","ping_status":"open","template":"","meta":{"footnotes":""},"_links":{"self":[{"href":"https:\/\/www.mandabe.org\/index.php?rest_route=\/wp\/v2\/pages\/2853"}],"collection":[{"href":"https:\/\/www.mandabe.org\/index.php?rest_route=\/wp\/v2\/pages"}],"about":[{"href":"https:\/\/www.mandabe.org\/index.php?rest_route=\/wp\/v2\/types\/page"}],"author":[{"embeddable":true,"href":"https:\/\/www.mandabe.org\/index.php?rest_route=\/wp\/v2\/users\/1"}],"replies":[{"embeddable":true,"href":"https:\/\/www.mandabe.org\/index.php?rest_route=%2Fwp%2Fv2%2Fcomments&post=2853"}],"version-history":[{"count":5,"href":"https:\/\/www.mandabe.org\/index.php?rest_route=\/wp\/v2\/pages\/2853\/revisions"}],"predecessor-version":[{"id":2873,"href":"https:\/\/www.mandabe.org\/index.php?rest_route=\/wp\/v2\/pages\/2853\/revisions\/2873"}],"wp:attachment":[{"href":"https:\/\/www.mandabe.org\/index.php?rest_route=%2Fwp%2Fv2%2Fmedia&parent=2853"}],"curies":[{"name":"wp","href":"https:\/\/api.w.org\/{rel}","templated":true}]}}